z) be the first derivative of z**2/2 + 2*z + 8. Determine i(k).
-3
Let p(k) be the second derivative of k**3/6 + 9*k**2/2 + k. Give p(-6).
3
Suppose 8*b - 2*b + 18 = 0. Let m = 4 + -2. Let n(j) = j + j + 2*j**m + j**2 + j**3. Give n(b).
-6
Let k(u) be the second derivative of -5/12*u**4 + 0 - 2*u**2 + 5/6*u**3 - u + 1/20*u**5. Determine k(4).
0
Let b = 6 + 7. Let u = b + -8. Suppose -o + 3*s + 29 = -6*o, u*o + 26 = -2*s. Let l(g) = -g**3 - 4*g**2 + 3*g + 2. Calculate l(o).
-10
Let j(i) = -2*i**3 + i**3 + 84*i + i**2 - 80*i. Calculate j(-3).
24
Let z(s) = 3*s - 4. Let f be (-1)/(-1*(-4)/12). What is z(f)?
-13
Let d(q) be the third derivative of q**4/24 - 2*q**3/3 - 11*q**2. What is d(3)?
-1
Let g be (-12)/(-4) + (-2)/(-2). Suppose 0 = -8*y + g*y + 8. Let t(x) = -x**2 + x + 2. Calculate t(y).
0
Let h = 2 + 0. Let w be (10/(-4) + h)*0. Let l(r) = 3*r**2 + r**3 + 0*r**3 - 2*r**3 - 2*r**2. Calculate l(w).
0
Suppose 5*r + 3*r + 16 = 0. Let q(t) = 3*t - 2. What is q(r)?
-8
Let u(n) be the second derivative of n**5/20 - 5*n**4/12 + 2*n**3/3 - 2*n. Let r = -4 + 8. Suppose -4*c + r*b = -3*c, 4*c - 3*b = 13. What is u(c)?
0
Let q(r) be the third derivative of r**5/60 + r**4/24 - r**3/2 - 3*r**2. Suppose 0 = i - 2*i - 3. Give q(i).
3
Let b(v) = -3*v - 3. Let m(h) = h**2 - 5*h + 4. Let k be m(3). Let r = 4 + k. Let w be (-9)/4 + r/8. What is b(w)?
3
Let k(r) = 3*r - 3*r - r - 284*r**2 + 1 + 283*r**2. What is k(-4)?
-11
Let l(r) be the third derivative of r**6/120 + r**5/12 - 3*r**4/8 + 3*r**3/2 - 12*r**2. Determine l(-7).
-26
Let h(l) = -12 + l - 14 + 46 - l**3 + 2*l**2 - 18. Give h(-2).
16
Let v(t) = t**2 + 3*t - 8. Suppose -b = -2*b - 6. Calculate v(b).
10
Let t(q) = 2*q - 1. Let h be 6/((-5)/10*4). Calculate t(h).
-7
Let b be -4*(1 + 14/(-8)). Let o = 0 + b. Let n(k) be the first derivative of -k**2 + k + 1. Give n(o).
-5
Let i(u) = 3*u**3 - u**2 + 3*u - 6. Let d(f) = -7*f**3 + f**2 - 6*f + 13. Let k(g) = 2*d(g) + 5*i(g). Give k(3).
5
Let r be 8*3/(-1 + -2). Let u be 30/4*r/12. Let w(c) = -c**3 - 5*c**2 - 3*c - 7. Determine w(u).
8
Let l = 59 - 40. Let p = -25 + 26. Suppose q - 3 + p = -v, 3*v = 2*q - l. Let s(j) = -j. Give s(v).
3
Let f be ((-6)/(-8))/(1/20). Let v(u) = -7*u + 12 + 4 - f. What is v(-1)?
8
Let d be (6/(-15))/(1/(-10)). Let r(h) = -h**2 + 3*h + 1. Calculate r(d).
-3
Let t = 2 - -1. Let l be t/(-3*(-3)/(-6)). Let j(i) = 3*i**2 + 2 + 4 - 2*i**2 - 4 - i. Determine j(l).
8
Let f(i) = i**3 - 4*i**2 - 6*i - 2. Let d be -9*(-1 - -4)/(-9). Let r be (1 + 0 - 1) + 15. Suppose 0*k + d*k = r. What is f(k)?
-7
Let v = -89 - -84. Let g(r) = r + 11. Determine g(v).
6
Let n(f) = f**3 + 3*f**2 + 3*f - 1. Let x(p) = 3*p**3 + 8*p**2 + 9*p - 2. Let a(k) = 7*n(k) - 2*x(k). What is a(-4)?
1
Let v(c) be the second derivative of c**6/120 - c**5/15 - c**4/8 - c**3/3 + c**2/2 - c. Let j(r) be the first derivative of v(r). Give j(5).
8
Let b be 3*4*9/18. Let y(z) = z**3 - 2*z - z + 4*z + 2 + b*z**2. Give y(-6).
-4
Let y(x) = -x**2 - x + 2. Suppose 15 = 13*h - 8*h. Determine y(h).
-10
Let t be (6/(-8))/(18/144). Let g(c) = 2*c**2 + 8*c - 5. Calculate g(t).
19
Let x(s) = -s**3 - 3*s**2 - s + 3. Let y be -1*((-4)/(-1) + -1). Determine x(y).
6
Suppose -10 = 3*h + 5*j, 2*j + 8 = -h - 2*j. Let p(q) = h*q + 2 - q - 4 - 2 - q**2. Suppose -25 = 5*g + 5*v, 14 = 3*g - 2*v + 4. Calculate p(g).
-4
Let u(t) = -t**2 - t + 5. Suppose 0 = 25*g - 20*g. What is u(g)?
5
Let y(r) = r - 1. Let a be (-6)/(-4)*(-6)/(-9). Determine y(a).
0
Let p(d) be the first derivative of d**7/840 + d**6/90 + d**5/40 + d**4/8 + d**3 - 1. Let u(v) be the third derivative of p(v). What is u(-4)?
-9
Let y(g) = -g + 1. Suppose 30 = -j - 4*j. Let x be j/(-3) + 15/(-3). What is y(x)?
4
Let v(b) = b + b**3 + 4*b**2 + 9*b**2 + b - 8*b**2 - 5. Determine v(-4).
3
Let i(f) = 4 - 2*f - f**2 - 3 + f**2 - 2*f**2. What is i(1)?
-3
Let r = -1 - 2. Let s(x) = x - 3. Give s(r).
-6
Let w(d) be the first derivative of -7*d**2/2 - 2*d - 15. Give w(-2).
12
Suppose 8*x - 3*x - 20 = 0. Let n(d) = -d**3 + 5*d**2 - 4*d + 3. What is n(x)?
3
Let l be (-2)/(-4) + 1/2. Let n(p) = 4 + p - l + 4*p. Let k = 3 - 5. Determine n(k).
-7
Let x = -5 + 9. Let o(f) be the first derivative of -3*f + 1/4*f**x + 1/2*f**2 - 2 + 1/3*f**3. What is o(0)?
-3
Let r(c) = -11*c**3 + 3*c**2 + 19*c + 2. Let v(q) = 5*q**3 - q**2 - 9*q - 1. Let k(o) = -6*r(o) - 13*v(o). Give k(4).
-3
Let m(y) be the first derivative of y**4/12 - 2*y**3/3 + 5*y**2/2 + 7*y - 10. Let x(z) be the first derivative of m(z). Suppose 13 = 4*p - 3. Calculate x(p).
5
Let j(h) = -h**3 - 5*h**2 + 6*h - 1. Suppose 0 = -5*p - 5*g - 55, 0*p + 3*p + 27 = -5*g. Let v = p - -8. Give j(v).
-1
Suppose -2*m = 3*m - 10. Let h = -5 - m. Let l = 7 + h. Let j(k) = -k**3 + k + 1. Calculate j(l).
1
Let l(d) = 5*d + 1. Let c(m) = 1. Suppose 5 - 1 = -4*n. Let y(h) = n*l(h) + 2*c(h). Let i = -4 - -3. Give y(i).
6
Let n(s) = s + 8. Let j(u) = 8*u + 1. Let o(t) = -2*t**3 + t**2 + t - 1. Let r be o(1). Let m be j(r). Let q be n(m). Let k(c) = -8*c + 1. Determine k(q).
-7
Let k(w) = w - 2. Let q(s) = 0*s - 4*s + 0*s + 0*s + 7. Let t(p) = -7*k(p) - 2*q(p). Determine t(3).
3
Let f(n) be the first derivative of n**4/24 - n**3/6 + n**2/2 - 1. Let z(i) be the second derivative of f(i). What is z(-5)?
-6
Let b(h) = -3*h + 2*h - 6 + 0*h. Let x be b(-8). Let i(v) = -4*v + 5*v + x - 3*v + v. Calculate i(5).
-3
Let y(b) be the first derivative of -b**4/12 + 2*b**3/3 - 5*b**2/2 + 2. Let t(l) be the second derivative of y(l). Calculate t(5).
-6
Let m(b) = 2*b**3 - 2*b**2 - 1. Let n(t) = -t**2 - 11*t + 3. Let a be (-6)/(-21) - 158/14. Let z be n(a). Let j = -1 + z. Give m(j).
7
Let j(h) be the third derivative of h**4/4 - h**3 + 4*h**2. Give j(4).
18
Let b(w) = w. Let q(p) = p**2 + 2*p - 4. Let j(n) = 5*b(n) + q(n). Calculate j(-8).
4
Let v(c) = -589 + 1184 + c**2 - 594 + 8*c. Suppose -2*m = -0*m + 8. What is v(m)?
-15
Let k(i) = 7*i**2 - 2*i + 1. Suppose -2*f = -2*w - 0*f - 2, 12 = 2*w + 5*f. What is k(w)?
6
Let q(g) = -18 - 11 + 27 - 2*g. Determine q(-2).
2
Suppose 2*j + 0 = -6. Let d(x) = 2*x + 2. Calculate d(j).
-4
Let u(t) = -t**2 - 5*t + 4. Suppose -2*c + 3*j = -36 + 10, 0 = -c - 4*j - 9. Let x be (-40)/c - 16/56. Determine u(x).
-2
Suppose 16 = 6*w - 2*w. Suppose -m = 3*n - 2, -w*n + 10 = 5*m - 2*n. Let f(j) = -m - j + 2. What is f(4)?
-4
Let k(q) = -6*q + 4. Let u(c) = -7*c + 4. Let z(b) = -5*k(b) + 4*u(b). Calculate z(6).
8
Let w(z) be the first derivative of 2*z**2 + z + 32. Calculate w(1).
5
Let d(g) = -g**3 - 6*g**2 - 4*g + 2. Let p = 29 - 34. Determine d(p).
-3
Let u(n) be the second derivative of n**5/20 - 5*n**4/6 - n**3/6 + 7*n**2 + 10*n. Calculate u(10).
4
Let o(f) = 0*f - 65*f**2 - f**3 - 3 + 35*f**2 + 27*f**2 + f. Calculate o(-4).
9
Let c(g) = -g**3 + 8*g**2 + 9*g. Let f be c(9). Suppose f = -z - 3*z - 16. Let w(i) = -i**3 - 5*i**2 - 3*i + 5. What is w(z)?
1
Let u(h) = -14*h**2 - 14*h + 24. Let c(f) = f**2 - f - 1. Let q(x) = 2*x**2 + 8*x - 5. Let y(w) = 3*c(w) + q(w). Let b(d) = -6*u(d) - 17*y(d). Determine b(0).
-8
Let z(o) = o. Let g(s) = -s - 3. Let y(d) = g(d) - z(d). Let v(t) be the first derivative of -t**3/3 + t**2/2 - 5*t + 4. Let p be v(0). Calculate y(p).
7
Let j(h) = h**3 - h**2 - h + 3. Let p be j(0). Let c(u) = -4*u + 1. Let l(y) = -3*y. Let z(q) = 4*c(q) - 5*l(q). Determine z(p).
1
Let f(l) = -3688 + 4*l**2 - 3*l**2 - 7*l**3 + 3688. Let k = 1 + 0. Determine f(k).
-6
Let x(d) = -d**3 - 2*d**2 + 1. Let n(a) = -3*a**2 + 4*a**2 - 9*a + 6 + 2*a - 3*a. Let h be n(9). Let w = -4 - h. Determine x(w).
0
Let j(k) = 4*k - 5*k - 1 + 0 + 2*k. What is j(-5)?
-6
Let v be ((-4)/(-6))/((-3)/9). Let y be v/1 + 1 + 1. Let o(p) = -11*p + 9. Let b(f) = 4*f - 3. Let h(a) = -8*b(a) - 3*o(a). Calculate h(y).
-3
Let q(f) = -2 - 4*f - 5*f + 10*f + 1. Let c = -3 + 4. Suppose -5 = 4*k - c. Give q(k).
-2
Suppose 32 = 6*o + 38. Suppose 2*c + 0*w = -w + 1, 7 = -c - 3*w. Let z(r) = -2 + 8*r - c*r + 1. What is z(o)?
-7
Let t = 7 - 7. Let n(s) = t*s + 11 + 4*s - 10. Calculate n(1).
5
Let t be 3*((-4)/6 - 0). Let d be 6/(-8)*(1 - 5). Let x(k) = k. Let l(h) = -2*h. Let q(c) = d*x(c) + 3*l(c). What is q(t)?
6
Let f(x) = -3*x. Let y = -11 - -15. Suppose 0*g = -g + 4*h - 1, 4*g - 5*h = -y. What is f(g)?
3
Suppose -2*a -